factor of 847 and 71027?
121
What is the greatest common divisor of 81 and 565083?
27
Calculate the highest common factor of 3175 and 71755.
635
Calculate the highest common divisor of 1304849 and 3549.
1183
What is the greatest common divisor of 488 and 12184?
8
What is the greatest common divisor of 20512 and 299347?
641
What is the highest common factor of 16488 and 23832?
72
Calculate the greatest common divisor of 81 and 63882.
27
Calculate the highest common factor of 2 and 3218466.
2
Calculate the highest common factor of 2975275 and 610.
305
What is the highest common factor of 9305383 and 2774?
1387
What is the greatest common factor of 6045 and 3120?
195
Calculate the highest common divisor of 74904 and 7368.
24
What is the greatest common divisor of 6201 and 10611?
9
What is the highest common divisor of 19895 and 105?
5
Calculate the greatest common divisor of 252 and 38976.
84
Calculate the greatest common divisor of 20352 and 4992.
384
Calculate the highest common factor of 498002 and 13972.
998
What is the greatest common divisor of 9108 and 792?
396
What is the greatest common factor of 6273 and 867?
51
What is the highest common factor of 641944 and 232?
232
Calculate the greatest common divisor of 7 and 1879.
1
Calculate the greatest common divisor of 27 and 546723.
27
Calculate the greatest common divisor of 291827 and 1735.
347
Calculate the greatest common factor of 315 and 42.
21
Calculate the highest common divisor of 6175 and 916750.
475
Calculate the highest common factor of 12 and 184230.
6
Calculate the greatest common factor of 140182 and 133.
133
Calculate the highest common factor of 3124 and 396.
44
Calculate the greatest common factor of 1021 and 4659844.
1021
What is the greatest common factor of 308 and 158620?
308
Calculate the highest common factor of 540 and 7308.
36
What is the greatest common factor of 6401 and 16608?
173
What is the highest common divisor of 85152 and 2400?
96
What is the highest common factor of 470426 and 264?
22
What is the greatest common divisor of 4465830 and 30?
30
What is the greatest common factor of 120028 and 4736?
148
What is the greatest common factor of 775 and 4123?
31
Calculate the highest common factor of 1417 and 24961.
109
What is the highest common factor of 331023 and 847?
77
Calculate the greatest common factor of 140 and 65422.
14
What is the highest common divisor of 2736 and 1300284?
684
Calculate the highest common factor of 18 and 22818.
6
Calculate the greatest common factor of 43281 and 28.
7
What is the highest common divisor of 534325 and 3828?
319
What is the greatest common factor of 75376 and 252?
28
Calculate the greatest common factor of 30 and 31170.
30
Calculate the highest common divisor of 338856 and 21.
21
Calculate the highest common factor of 18 and 45648.
18
What is the highest common divisor of 352 and 23012?
44
What is the highest common factor of 14464 and 1695?
113
What is the greatest common divisor of 80065 and 2345?
335
What is the highest common divisor of 68 and 143446?
34
What is the greatest common divisor of 54 and 2178?
18
Calculate the highest common factor of 3337 and 1633.
71
What is the highest common divisor of 9096 and 21982?
758
Calculate the highest common divisor of 17955 and 14915.
95
Calculate the highest common factor of 1540 and 56756.
28
What is the highest common factor of 5265 and 13977?
9
Calculate the greatest common divisor of 2634 and 114.
6
What is the greatest common divisor of 380 and 152912?
76
Calculate the greatest common factor of 36795 and 7425.
165
What is the greatest common divisor of 35 and 518945?
35
Calculate the greatest common divisor of 5463 and 6957.
9
What is the highest common factor of 26058915 and 81?
81
What is the greatest common divisor of 15916 and 1288?
92
What is the highest common divisor of 119 and 41293?
119
What is the highest common divisor of 18816 and 32?
32
What is the highest common divisor of 29811 and 114?
57
What is the greatest common divisor of 2840 and 154496?
568
Calculate the highest common divisor of 1271 and 1030781.
1271
Calculate the highest common divisor of 380120 and 645.
215
What is the highest common divisor of 19229 and 2814?
469
Calculate the highest common divisor of 1775 and 16117.
71
Calculate the greatest common divisor of 1038596 and 1612.
52
Calculate the highest common divisor of 75608 and 104.
104
Calculate the highest common factor of 1570 and 590.
10
What is the highest common factor of 59843 and 4648?
581
Calculate the highest common divisor of 4560 and 235695.
285
What is the highest common factor of 72475 and 3250?
325
What is the greatest common divisor of 24 and 6513480?
24
Calculate the highest common divisor of 164672 and 9424.
496
What is the highest common factor of 7159120 and 80?
80
What is the highest common factor of 91 and 263315?
13
Calculate the greatest common factor of 192 and 2181.
3
What is the highest common factor of 712650 and 100?
50
Calculate the greatest common divisor of 1772 and 203337.
443
Calculate the highest common divisor of 126 and 1040652.
18
What is the greatest common factor of 32 and 1395056?
16
Calculate the greatest common divisor of 20958 and 9481.
499
What is the greatest common divisor of 1135051 and 362?
181
Calculate the greatest common divisor of 85 and 88655.
85
Calculate the greatest common factor of 24 and 936222.
6
What is the greatest common factor of 12563 and 595?
17
Calculate the highest common divisor of 525 and 4137.
21
Calculate the greatest common factor of 1593 and 73809.
531
What is the greatest common factor of 171114 and 1422?
474
Calculate the highest common factor of 216 and 220824.
72
What is the highest common divisor of 72370 and 50?
10
Calculate the highest common factor of 7415176 and 824.
824
What is the greatest common divisor of 63480 and 30820?
460
Calculate the greatest common divisor of 5112 and 7236.
36
What is the greatest common factor of 160 and 26820?
20
What is the highest common factor of 2365 and 77?
11
Calculate the greatest common factor of 17854 and 8814.
226
Calculate the highest common factor of 21 and 118587.
21
What is the highest common divisor of 599 and 4132501?
599
Calculate the highest common factor of 76164 and 150.
6
What is the highest common factor of 855068 and 2?
2
Calculate the highest common factor of 11793 and 96.
3
What is the greatest common factor of 11644 and 492?
164
Calculate the greatest common factor of 3869 and 35843.
73
Calculate the greatest common factor of 2 and 73618.
2
What is the highest common factor of 25 and 676075?
25
Calculate the greatest common divisor of 166563 and 1860.
93
What is the greatest common factor of 75824 and 1616?
16
Calculate the greatest common divisor of 10175 and 1925.
275
Calculate the highest common divisor of 21087 and 297.
297
What is the greatest common factor of 1963 and 11367733?
1963
What is the greatest common divisor of 46626 and 14136?
114
What is the greatest common divisor of 360655 and 85?
85
What is the highest common divisor of 6565 and 24543?
101
Calculate the greatest common factor of 470550 and 1950.
150
What is the highest common divisor of 770 and 90574?
22
Calculate the greatest common divisor of 101886 and 24.
6
What is the greatest common factor of 20111 and 1456?
91
What is the highest common factor of 205360 and 255?
85
What is the greatest common divisor of 3298 and 158508?
34
What is the greatest common divisor of 2800 and 308?
28
Calculate the greatest common divisor of 20657 and 16926.
91
Calculate the greatest common divisor of 296463 and 459.
51
What is the greatest common factor of 174 and 38744?
58
What is the greatest common divisor of 15268 and 688?
4
Calculate the highest common factor of 780 and 1884090.
390
Calculate the highest common factor of 4992 and 4134.
78
What is the highest common divisor of 2156 and 42084?
28
What is the highest common divisor of 5226 and 9112?
134
Calculate the greatest common factor of 5687304 and 776.
776
Calculate the highest common divisor of 2844 and 61164.
36
Calculate the highest common factor of 147534 and 2412.
402
What is the greatest common factor of 670 and 220162?
134
What is the greatest common divisor of 190 and 152665?